. Let o = h + -4. Let v(m) = -m**3 + 5*m**2 - 3. Determine v(o).
13
Let b(d) = d**3 + 3*d**2 - 4*d - 4. Suppose h + 21*h + 66 = 0. Determine b(h).
8
Let x = 65 + -61. Suppose j + 6 = 4*o, -3*j + 12 = -o - 3. Let l(h) = 11*h - h**2 - 3*h - h**3 - j*h - x. Determine l(-3).
8
Suppose y + 3*c + 56 = 0, -2*c = -5*y - 0*c - 263. Let t = y - -53. Let j(v) = -v**2 - 1. What is j(t)?
-1
Let t(v) = v**2 + 3*v - 1. Suppose -4*n - 6 = -2*q, -8*n = 5*q - 3*n + 30. Give t(q).
-1
Let q = -72 + 72. Let l(o) be the third derivative of 1/120*o**6 + q + 0*o + 4*o**2 - 1/6*o**3 - 1/15*o**5 + 1/6*o**4. Determine l(4).
15
Let m(z) be the third derivative of -z**5/60 - z**4/3 + z**3/6 - 4*z**2 + 22. Determine m(-7).
8
Let h(y) = -2 + 2*y + 2*y - 14*y + 3. Give h(1).
-9
Let i(m) = m**2 - m. Let r be (-8)/(40/25) - -5. Calculate i(r).
0
Suppose -175 = 10*g - 5*g. Let a = 39 + g. Let z(d) = -d**3 + 3*d**2 + 2*d - 4. What is z(a)?
-12
Suppose 0 = -869*m + 870*m + 6. Let w(p) = -6*p - 22. What is w(m)?
14
Suppose a + 2 = -2*q, 5*a - 3 = 4*a + 3*q. Let o(r) be the second derivative of 1/20*r**5 + 0 + 0*r**4 + 5*r + 1/6*r**3 + 3*r**2. What is o(a)?
6
Suppose -2*v = -0*v, 2*u + v + 66 = 0. Let p = 36 + u. Let n(z) = 4*z + p*z - 4*z - 6. Calculate n(4).
6
Let c = 83 - 80. Suppose 5*n + c = 4*z, 1 - 10 = 3*n. Let m(r) = 3*r - 1. Calculate m(z).
-10
Let k(q) = -16*q - 17*q**2 + 18*q**2 + 6*q + 0*q**2. Determine k(11).
11
Let v(d) = -d + 8. Let s be v(8). Let o(l) = -5 + 5*l + s + 4. Suppose 5*x - 6 = t, t = -2*x + 2 - 1. What is o(x)?
4
Suppose -27 = 3*j + 3*d - 6*d, -d - 21 = 4*j. Let n be 2/(-9) + 29/9. Let w(c) = -c**2 + 2*c - 7*c + 3*c - n*c. What is w(j)?
-6
Let o(f) = -f - 4. Let y be 4/(-16) - ((-99)/12 - -3). Suppose 0 = 2*t - y*c - 6, -t + 0 = -4*c - 3. What is o(t)?
-7
Let t(n) be the second derivative of -n**4/12 - n**3 + 7*n**2/2 + 5*n. Suppose 0 = -5*i + 10, -4*i - 13 = 4*v - 117. Suppose 3*l + v = -l. Determine t(l).
7
Suppose 5*m = -4*n + 44, m + 2*m = 12. Let c(g) = 2*g**2 - 4*g + 5. What is c(n)?
53
Let b(w) = w**3 + 4*w**2 + w + 2. Let o(n) = -2*n**2 - 1. Let x be o(1). Let m(i) = 2*i + 8. Let g be m(x). Suppose -3*u - 4 = g. Determine b(u).
8
Let m = 20 + 48. Let j = -64 + m. Let b(o) = o**3 - 4*o**2 + 2*o - 5. Calculate b(j).
3
Let s(d) = 2*d**2 - 7*d + 5. Suppose k - 3 = 0, 0*y + 4*y = 3*k + 63. Let r = y - 14. What is s(r)?
9
Suppose -15 = 3*z, 3*b = -2*b + z + 10. Let l(f) = -8*f**2 + 4*f + 1. Let c(m) = -15*m**2 + 7*m + 2. Let d(v) = -6*c(v) + 11*l(v). Determine d(b).
3
Let g(n) = -2*n + 3 + 2 + 2. Let q be 3*-7 - (2 - 6). Let v = 22 + q. Give g(v).
-3
Let q(b) = -17*b - 1. Suppose 11*f - 21 = -32. What is q(f)?
16
Let x be (2 + -1)*(9 + -9). Suppose -5*t + 0*k + 5*k = -25, 21 = 4*t - 5*k. Let z(n) = -26*n**2 + 27*n**2 - 15 - t + n. Determine z(x).
-19
Suppose 259*i + 6 = 261*i. Let c(q) = 11*q**3 - q**2 - 14*q - 3. Let f(y) = 4*y**3 - 5*y - 1. Let a(z) = -3*c(z) + 8*f(z). Calculate a(i).
7
Let m(n) be the third derivative of n**4/24 + 13*n**3/3 - 30*n**2. Give m(0).
26
Suppose 2*r - 23 = -19. Let x(i) = -3*i + r*i + 0*i - i. Give x(-1).
2
Let b(t) = -25*t**3 + 3*t**2 + 3*t + 1. Let y(f) = -50*f**3 + 5*f**2 + 5*f + 2. Let w(v) = 5*b(v) - 3*y(v). Calculate w(-1).
-26
Suppose 0 = 6*z + 13 + 5. Let l(k) be the first derivative of k**3/3 + k**2 - 2*k - 31. Give l(z).
1
Let m(k) = 15*k + 13. Let l(q) = -23*q - 20. Let d be (-2 - 2)/(1/2). Let b(i) = d*m(i) - 5*l(i). Let j(s) = -s. Let v(t) = -b(t) + 6*j(t). Determine v(6).
-2
Let p(h) = 2*h - 7. Let y be p(5). Let z(t) be the second derivative of t**3/3 - 2*t**2 - 240*t. Calculate z(y).
2
Let y(u) be the first derivative of -35*u**4/4 - 400. Determine y(1).
-35
Let c be (2/9 - (-31)/(-18))*-6. Suppose c = l - 2*l. Let h(j) = -j - 5. Calculate h(l).
4
Let a(m) = -m**2 + 8*m + 6. Let r(i) = -i**3 - 8*i**2 + 2*i + 8. Let l be r(-8). Let f be 12/4 + l - -13. Determine a(f).
6
Suppose -2 + 10 = 2*f. Suppose 6*g = f*g + 6. Let n = g + 3. Let i(s) = -s**3 + 5*s**2 + 7*s - 1. Calculate i(n).
5
Let r(x) be the second derivative of -7*x**5/40 - x**4/24 - x**3/2 + 7*x. Let n(a) be the second derivative of r(a). Calculate n(-1).
20
Let h = 10 + -8. Let z(u) = u**2 + 5 + 8 - 14 + u. Calculate z(h).
5
Let c be 0 + -4 + 66/3. Suppose -4*s - 4*d - 12 = 0, s - 3*d + c - 7 = 0. Let w(g) = g**3 + 5*g**2 - g - 4. Give w(s).
1
Let f(k) = -k**2 - 2*k. Suppose 11*z - 97 = -119. Determine f(z).
0
Let b(u) be the third derivative of -u**6/360 + u**5/20 - u**4/12 + 5*u**3/2 - 4*u**2. Let x(z) be the first derivative of b(z). Calculate x(7).
-9
Let t(q) = -q**3 - 5*q**2 - 5*q - 6. Let s = 267 + -271. Determine t(s).
-2
Let x(f) be the first derivative of -f**3/3 + 3*f**2/2 - 7*f + 65. Give x(3).
-7
Let v be (-8)/10*35/14. Let m(n) be the second derivative of n**6/720 - n**4/4 + 5*n. Let s(z) be the third derivative of m(z). Calculate s(v).
-2
Let i(k) = -k**3 + 3*k**2 + 5*k - 3. Suppose j + 56 = 3*n + 2*j, -2*n = j - 39. Suppose 0 = -12*t + 19 + n. Calculate i(t).
12
Let r(y) = 3*y**2 + y - 1. Let p(i) = -14*i**3 + 5*i**2 + 5*i - 4. Let x(u) = p(u) - 2*r(u). Calculate x(1).
-14
Let k(b) = -4*b**3 - 4*b + 3. Let i be k(1). Let f(t) = -t**2 - 6*t + 1. Determine f(i).
6
Let f(h) = 6*h**2 - 2*h + 3. Let w(y) = -17*y**2 + 5*y - 8. Let m(a) = 8*f(a) + 3*w(a). Suppose 5*b - 9*b + 4 = 0. Calculate m(b).
-4
Let p = -108 - -112. Let l(x) = -x**2 + 0*x - 9*x + p*x. Give l(-3).
6
Let g = 20 + -22. Let f(l) = -l - 1. Let x(a) = 6*a + 4. Let d(u) = 6*u + 4. Let t(o) = -4*d(o) + 6*x(o). Let h(m) = 5*f(m) + t(m). Give h(g).
-11
Suppose -11 = 2*q + 3*n + 65, 0 = -5*q + 2*n - 190. Let c = 68 + q. Suppose -3*t - c = 2*t. Let x(a) = a + 11. Calculate x(t).
5
Let w be (2 - 6/2)*4. Let h(t) = -30*t - 21. Let n(j) = -7*j - 5. Let d(y) = 2*h(y) - 9*n(y). Determine d(w).
-9
Let l(o) = -o**2 + 9*o - 24. Let h be -3 - (1 + (2 - 10)). Calculate l(h).
-4
Suppose -10*k - 294 + 324 = 0. Let z(u) be the second derivative of 0 - 1/3*u**k - 6*u - 1/2*u**2. Give z(-2).
3
Let z be 8/(-12) + ((-22)/(-6))/1. Let w(q) = -4*q + 8 + 5*q**3 - 3*q**z - q - 6 - 3*q**2. What is w(3)?
14
Let r(t) = -21*t + 4. Let c(k) = 32*k - 6. Let o(y) = 5*c(y) + 8*r(y). Let u(w) = -w + 1. Let h(p) = -o(p) + 4*u(p). What is h(-2)?
-6
Let n(a) be the first derivative of -13*a**3/3 + a**2 - a + 22. Calculate n(1).
-12
Let j(l) = -5*l + 2. Suppose -10*d - 182 = -202. Give j(d).
-8
Let k(j) be the third derivative of -j**6/120 - j**5/15 - j**3/3 - 2*j**2. Suppose -32*c + 27*c = -3*i + 23, -5*i + 25 = -5*c. Determine k(c).
-2
Suppose -4*d = -5*s - 10, -23 = -7*s + 8*s - 5*d. Let b(j) = 3*j**3 + j**2 + 2*j + 1. Give b(s).
33
Let g = 131/4 + -391/12. Let m(f) be the second derivative of g*f**3 + 0 - f + 3/2*f**2. What is m(-5)?
-2
Let h(x) be the second derivative of -x**3/2 + 11*x**2 + 56*x. Give h(8).
-2
Let r be ((-470)/6)/5 - 58/174. Let l(t) = t**3 + 17*t**2 + 15*t - 38. Give l(r).
-22
Let c(l) = -2*l**2 + 13*l + 7. Let u(w) = -w**2 + 7*w + 4. Let i(n) = 4*c(n) - 7*u(n). Let b be (-2)/10 + 4/(-70)*-56. Calculate i(b).
0
Let k(i) = i + 8. Let u be (-4 + 4)/7*1. Determine k(u).
8
Let z(b) = -b**2 + 7*b + 3. Let d be z(6). Let x be 6/2 - (-6 + d). Let w(c) = 3 - 1 - 11 - c**2. Calculate w(x).
-9
Let s be (-2 - -2)/(-1 - -3). Let x = 84 + -86. Let i(y) = -5*y**2 + 16*y + 19. Let b(v) = v**2 - 3*v - 4. Let d(h) = x*i(h) - 11*b(h). Give d(s).
6
Let w(d) be the second derivative of d**4/3 + 3*d**2/2 + 395*d. Give w(3).
39
Let h = 38 + -40. Let y(l) = -24 + l**2 + 23 + l**2. Calculate y(h).
7
Let d(v) = -v + 1. Suppose 4*g + p = -97, 5*g + 0*p + 5*p = -125. Let y(t) = 9*t - 6. Let f(n) = g*d(n) - 3*y(n). What is f(-5)?
9
Let t = 2214 + -2212. Let x(u) be the third derivative of 1/8*u**4 - 1/20*u**5 + 0*u - 1/120*u**6 + 1/2*u**3 + 5*u**t + 0. Calculate x(-2).
-7
Let b(s) be the third derivative of s**6/120 - 7*s**5/60 - 5*s**4/24 - 7*s**3/6 + 2*s**2 - 4. Calculate b(8).
17
Let r(n) = 2*n + n**2 - 4 + 10*n - 7*n. Let o be (0 + -2)/4 + 18/(-4). What is r(o)?
-4
Suppose -7*t - 7 = -0*t. Let i(p) = p - 2. Let y be i(4). Let w(k) = -2*k + y*k - 4*k + 3*k - 5*k**2. Give w(t).
-4
Let y(b) = 2*b + 36. Let k be y(-18). Let a(o) = k*o + 2*o**2 - 7*o + 6*o. Calculate a(-1).
3
Let z(v) = v + 3. Let u be z(-4). 